{"id":2281,"date":"2025-07-28T13:45:40","date_gmt":"2025-07-28T13:45:40","guid":{"rendered":"https:\/\/kayseriligurme.com\/?page_id=2281"},"modified":"2025-10-09T23:25:37","modified_gmt":"2025-10-09T23:25:37","slug":"hakkimizda","status":"publish","type":"page","link":"https:\/\/kayseriligurme.com\/?page_id=2281","title":{"rendered":"Hakk\u0131m\u0131zda"},"content":{"rendered":"","protected":false},"excerpt":{"rendered":"M\u0130SYONUMUZ Kayseri\u2019nin k\u00f6kl\u00fc lezzet gelene\u011fini modern \u00fcretim anlay\u0131\u015f\u0131yla birle\u015ftirerek, el eme\u011fiyle haz\u0131rlanan mant\u0131 ve unlu mamullerimizi en y\u00fcksek kalite standartlar\u0131nda T\u00fcrkiye\u2019nin ve d\u00fcnyan\u0131n d\u00f6rt bir yan\u0131na ula\u015ft\u0131rmak.Do\u011fal, katk\u0131s\u0131z, g\u00fcvenilir \u00fcr\u00fcnlerimizle sofralara lezzet, m\u00fc\u015fterilerimize g\u00fcven, \u00e7al\u0131\u015fanlar\u0131m\u0131za de\u011fer katmak; geleneksel tatlar\u0131m\u0131z\u0131 gelece\u011fe ta\u015f\u0131mak i\u00e7in durmadan \u00e7al\u0131\u015fmak. V\u0130ZYONUMUZ Kayseri\u2019nin geleneksel lezzetlerini d\u00fcnya markas\u0131 haline getirerek, T\u00fcrk mutfa\u011f\u0131n\u0131n g\u00fcven [...]","protected":false},"author":1,"featured_media":0,"parent":0,"menu_order":0,"comment_status":"closed","ping_status":"closed","template":"full-width","meta":{"saved_in_kubio":true,"footnotes":""},"class_list":["post-2281","page","type-page","status-publish","hentry"],"kubio_ai_page_context":{"short_desc":"","purpose":"general"},"yoast_head":"<!-- This site is optimized with the Yoast SEO plugin v24.3 - https:\/\/yoast.com\/wordpress\/plugins\/seo\/ -->\n<title>Hakk\u0131m\u0131zda - KAYSER\u0130L\u0130 GURME<\/title>\n<meta name=\"robots\" content=\"index, follow, max-snippet:-1, max-image-preview:large, max-video-preview:-1\" \/>\n<link rel=\"canonical\" href=\"https:\/\/kayseriligurme.com\/?page_id=2281\" \/>\n<meta property=\"og:locale\" content=\"tr_TR\" \/>\n<meta property=\"og:type\" content=\"article\" \/>\n<meta property=\"og:title\" content=\"Hakk\u0131m\u0131zda - KAYSER\u0130L\u0130 GURME\" \/>\n<meta property=\"og:url\" content=\"https:\/\/kayseriligurme.com\/?page_id=2281\" \/>\n<meta property=\"og:site_name\" content=\"KAYSER\u0130L\u0130 GURME\" \/>\n<meta property=\"article:publisher\" content=\"https:\/\/facebook.com\/kayseriligurme\" \/>\n<meta property=\"article:modified_time\" content=\"2025-10-09T23:25:37+00:00\" \/>\n<meta name=\"twitter:card\" content=\"summary_large_image\" \/>\n<meta name=\"twitter:label1\" content=\"Tahmini okuma s\u00fcresi\" \/>\n\t<meta name=\"twitter:data1\" content=\"1 dakika\" \/>\n<script type=\"application\/ld+json\" class=\"yoast-schema-graph\">{\"@context\":\"https:\/\/schema.org\",\"@graph\":[{\"@type\":\"WebPage\",\"@id\":\"https:\/\/kayseriligurme.com\/?page_id=2281\",\"url\":\"https:\/\/kayseriligurme.com\/?page_id=2281\",\"name\":\"Hakk\u0131m\u0131zda - KAYSER\u0130L\u0130 GURME\",\"isPartOf\":{\"@id\":\"https:\/\/kayseriligurme.com\/#website\"},\"datePublished\":\"2025-07-28T13:45:40+00:00\",\"dateModified\":\"2025-10-09T23:25:37+00:00\",\"breadcrumb\":{\"@id\":\"https:\/\/kayseriligurme.com\/?page_id=2281#breadcrumb\"},\"inLanguage\":\"tr\",\"potentialAction\":[{\"@type\":\"ReadAction\",\"target\":[\"https:\/\/kayseriligurme.com\/?page_id=2281\"]}]},{\"@type\":\"BreadcrumbList\",\"@id\":\"https:\/\/kayseriligurme.com\/?page_id=2281#breadcrumb\",\"itemListElement\":[{\"@type\":\"ListItem\",\"position\":1,\"name\":\"Anasayfa\",\"item\":\"https:\/\/kayseriligurme.com\/\"},{\"@type\":\"ListItem\",\"position\":2,\"name\":\"Hakk\u0131m\u0131zda\"}]},{\"@type\":\"WebSite\",\"@id\":\"https:\/\/kayseriligurme.com\/#website\",\"url\":\"https:\/\/kayseriligurme.com\/\",\"name\":\"KAYSER\u0130L\u0130 GURME\",\"description\":\"Kayserili&#039;nin Elinden\",\"publisher\":{\"@id\":\"https:\/\/kayseriligurme.com\/#organization\"},\"potentialAction\":[{\"@type\":\"SearchAction\",\"target\":{\"@type\":\"EntryPoint\",\"urlTemplate\":\"https:\/\/kayseriligurme.com\/?s={search_term_string}\"},\"query-input\":{\"@type\":\"PropertyValueSpecification\",\"valueRequired\":true,\"valueName\":\"search_term_string\"}}],\"inLanguage\":\"tr\"},{\"@type\":\"Organization\",\"@id\":\"https:\/\/kayseriligurme.com\/#organization\",\"name\":\"KAYSER\u0130L\u0130 GURME UNLU MAMULLER\u0130\",\"url\":\"https:\/\/kayseriligurme.com\/\",\"logo\":{\"@type\":\"ImageObject\",\"inLanguage\":\"tr\",\"@id\":\"https:\/\/kayseriligurme.com\/#\/schema\/logo\/image\/\",\"url\":\"https:\/\/kayseriligurme.com\/wp-content\/uploads\/2025\/02\/GurmeLogo2-2.png\",\"contentUrl\":\"https:\/\/kayseriligurme.com\/wp-content\/uploads\/2025\/02\/GurmeLogo2-2.png\",\"width\":800,\"height\":700,\"caption\":\"KAYSER\u0130L\u0130 GURME UNLU MAMULLER\u0130\"},\"image\":{\"@id\":\"https:\/\/kayseriligurme.com\/#\/schema\/logo\/image\/\"},\"sameAs\":[\"https:\/\/facebook.com\/kayseriligurme\",\"https:\/\/instagram.com\/kayseriligurme\"]}]}<\/script>\n<!-- \/ Yoast SEO plugin. -->","yoast_head_json":{"title":"Hakk\u0131m\u0131zda - KAYSER\u0130L\u0130 GURME","robots":{"index":"index","follow":"follow","max-snippet":"max-snippet:-1","max-image-preview":"max-image-preview:large","max-video-preview":"max-video-preview:-1"},"canonical":"https:\/\/kayseriligurme.com\/?page_id=2281","og_locale":"tr_TR","og_type":"article","og_title":"Hakk\u0131m\u0131zda - KAYSER\u0130L\u0130 GURME","og_url":"https:\/\/kayseriligurme.com\/?page_id=2281","og_site_name":"KAYSER\u0130L\u0130 GURME","article_publisher":"https:\/\/facebook.com\/kayseriligurme","article_modified_time":"2025-10-09T23:25:37+00:00","twitter_card":"summary_large_image","twitter_misc":{"Tahmini okuma s\u00fcresi":"1 dakika"},"schema":{"@context":"https:\/\/schema.org","@graph":[{"@type":"WebPage","@id":"https:\/\/kayseriligurme.com\/?page_id=2281","url":"https:\/\/kayseriligurme.com\/?page_id=2281","name":"Hakk\u0131m\u0131zda - KAYSER\u0130L\u0130 GURME","isPartOf":{"@id":"https:\/\/kayseriligurme.com\/#website"},"datePublished":"2025-07-28T13:45:40+00:00","dateModified":"2025-10-09T23:25:37+00:00","breadcrumb":{"@id":"https:\/\/kayseriligurme.com\/?page_id=2281#breadcrumb"},"inLanguage":"tr","potentialAction":[{"@type":"ReadAction","target":["https:\/\/kayseriligurme.com\/?page_id=2281"]}]},{"@type":"BreadcrumbList","@id":"https:\/\/kayseriligurme.com\/?page_id=2281#breadcrumb","itemListElement":[{"@type":"ListItem","position":1,"name":"Anasayfa","item":"https:\/\/kayseriligurme.com\/"},{"@type":"ListItem","position":2,"name":"Hakk\u0131m\u0131zda"}]},{"@type":"WebSite","@id":"https:\/\/kayseriligurme.com\/#website","url":"https:\/\/kayseriligurme.com\/","name":"KAYSER\u0130L\u0130 GURME","description":"Kayserili&#039;nin Elinden","publisher":{"@id":"https:\/\/kayseriligurme.com\/#organization"},"potentialAction":[{"@type":"SearchAction","target":{"@type":"EntryPoint","urlTemplate":"https:\/\/kayseriligurme.com\/?s={search_term_string}"},"query-input":{"@type":"PropertyValueSpecification","valueRequired":true,"valueName":"search_term_string"}}],"inLanguage":"tr"},{"@type":"Organization","@id":"https:\/\/kayseriligurme.com\/#organization","name":"KAYSER\u0130L\u0130 GURME UNLU MAMULLER\u0130","url":"https:\/\/kayseriligurme.com\/","logo":{"@type":"ImageObject","inLanguage":"tr","@id":"https:\/\/kayseriligurme.com\/#\/schema\/logo\/image\/","url":"https:\/\/kayseriligurme.com\/wp-content\/uploads\/2025\/02\/GurmeLogo2-2.png","contentUrl":"https:\/\/kayseriligurme.com\/wp-content\/uploads\/2025\/02\/GurmeLogo2-2.png","width":800,"height":700,"caption":"KAYSER\u0130L\u0130 GURME UNLU MAMULLER\u0130"},"image":{"@id":"https:\/\/kayseriligurme.com\/#\/schema\/logo\/image\/"},"sameAs":["https:\/\/facebook.com\/kayseriligurme","https:\/\/instagram.com\/kayseriligurme"]}]}},"_links":{"self":[{"href":"https:\/\/kayseriligurme.com\/index.php?rest_route=\/wp\/v2\/pages\/2281","targetHints":{"allow":["GET"]}}],"collection":[{"href":"https:\/\/kayseriligurme.com\/index.php?rest_route=\/wp\/v2\/pages"}],"about":[{"href":"https:\/\/kayseriligurme.com\/index.php?rest_route=\/wp\/v2\/types\/page"}],"author":[{"embeddable":true,"href":"https:\/\/kayseriligurme.com\/index.php?rest_route=\/wp\/v2\/users\/1"}],"replies":[{"embeddable":true,"href":"https:\/\/kayseriligurme.com\/index.php?rest_route=%2Fwp%2Fv2%2Fcomments&post=2281"}],"version-history":[{"count":1,"href":"https:\/\/kayseriligurme.com\/index.php?rest_route=\/wp\/v2\/pages\/2281\/revisions"}],"predecessor-version":[{"id":2459,"href":"https:\/\/kayseriligurme.com\/index.php?rest_route=\/wp\/v2\/pages\/2281\/revisions\/2459"}],"wp:attachment":[{"href":"https:\/\/kayseriligurme.com\/index.php?rest_route=%2Fwp%2Fv2%2Fmedia&parent=2281"}],"curies":[{"name":"wp","href":"https:\/\/api.w.org\/{rel}","templated":true}]}}